st common factor of 15 and 2295.
15
What is the greatest common factor of 48 and 1128?
24
Calculate the greatest common divisor of 181 and 1.
1
What is the highest common divisor of 621 and 648?
27
Calculate the greatest common factor of 3 and 1.
1
What is the greatest common factor of 1972 and 406?
58
What is the greatest common divisor of 41 and 41?
41
Calculate the highest common divisor of 52 and 11414.
26
What is the greatest common divisor of 77 and 6237?
77
Calculate the greatest common factor of 26 and 416.
26
What is the highest common divisor of 3667 and 38?
19
Calculate the highest common factor of 112 and 32.
16
Calculate the highest common factor of 91 and 91.
91
Calculate the highest common factor of 40 and 6700.
20
What is the highest common factor of 41 and 2?
1
What is the greatest common divisor of 21 and 3?
3
Calculate the greatest common factor of 3959 and 321.
107
What is the greatest common factor of 3042 and 72?
18
What is the highest common factor of 45 and 45?
45
Calculate the greatest common factor of 7 and 16114.
7
What is the greatest common divisor of 32 and 7136?
32
Calculate the greatest common factor of 102 and 12.
6
Calculate the greatest common divisor of 2599 and 46.
23
Calculate the greatest common divisor of 10 and 10210.
10
What is the highest common divisor of 3531 and 462?
33
Calculate the highest common divisor of 12 and 108.
12
What is the highest common factor of 6 and 64?
2
Calculate the highest common divisor of 40 and 485.
5
Calculate the greatest common factor of 915 and 2013.
183
What is the highest common divisor of 143 and 704?
11
Calculate the greatest common divisor of 306 and 10251.
153
What is the greatest common factor of 92 and 4?
4
What is the greatest common divisor of 21 and 28?
7
What is the highest common factor of 4658 and 170?
34
What is the greatest common divisor of 23 and 8579?
23
Calculate the highest common divisor of 392 and 14.
14
Calculate the highest common divisor of 36336 and 48.
48
Calculate the greatest common divisor of 30 and 255.
15
Calculate the greatest common factor of 936 and 9.
9
What is the greatest common factor of 650 and 100?
50
What is the greatest common factor of 84 and 36?
12
What is the highest common divisor of 2720 and 85?
85
Calculate the highest common divisor of 90 and 3645.
45
Calculate the greatest common divisor of 242 and 264.
22
Calculate the greatest common divisor of 87 and 348.
87
Calculate the highest common divisor of 70 and 560.
70
What is the highest common divisor of 563 and 10?
1
Calculate the greatest common factor of 459 and 3825.
153
Calculate the highest common factor of 6939 and 378.
27
What is the greatest common factor of 22 and 4378?
22
What is the greatest common factor of 41 and 328?
41
Calculate the greatest common factor of 7164 and 60.
12
What is the highest common factor of 4208 and 8?
8
What is the greatest common factor of 1159 and 38?
19
What is the greatest common divisor of 66 and 5478?
66
What is the highest common factor of 80 and 690?
10
Calculate the highest common divisor of 85 and 2771.
17
Calculate the greatest common divisor of 8128 and 2286.
254
What is the greatest common divisor of 12 and 4?
4
Calculate the greatest common divisor of 51 and 1581.
51
What is the highest common factor of 16359 and 574?
287
What is the highest common factor of 448 and 256?
64
What is the highest common divisor of 558 and 18?
18
Calculate the highest common divisor of 448 and 364.
28
What is the greatest common factor of 16 and 1444?
4
Calculate the highest common factor of 12 and 669.
3
What is the highest common divisor of 638 and 174?
58
What is the highest common factor of 5423 and 17?
17
What is the highest common divisor of 66 and 561?
33
Calculate the highest common divisor of 42 and 12040.
14
What is the highest common factor of 1547 and 119?
119
What is the highest common factor of 190 and 1121?
19
What is the highest common divisor of 327 and 11663?
109
What is the highest common factor of 2001 and 435?
87
What is the highest common factor of 703 and 407?
37
Calculate the highest common divisor of 57 and 912.
57
What is the highest common factor of 891 and 264?
33
What is the greatest common divisor of 39 and 39?
39
What is the highest common divisor of 70 and 490?
70
Calculate the greatest common factor of 1 and 67.
1
What is the highest common factor of 80 and 248?
8
Calculate the greatest common factor of 63 and 6615.
63
What is the highest common divisor of 772 and 4?
4
Calculate the highest common divisor of 256 and 4.
4
What is the highest common factor of 963 and 214?
107
Calculate the greatest common factor of 3741 and 87.
87
What is the highest common divisor of 169 and 572?
13
What is the highest common divisor of 1624 and 392?
56
Calculate the greatest common divisor of 38357 and 121.
121
What is the greatest common divisor of 15268 and 11?
11
What is the greatest common factor of 61902 and 181?
181
Calculate the greatest common factor of 12 and 48.
12
What is the greatest common divisor of 5529 and 1164?
291
What is the greatest common factor of 16 and 27?
1
What is the highest common factor of 475 and 9120?
95
Calculate the highest common divisor of 276 and 324.
12
Calculate the greatest common factor of 11 and 5.
1
What is the greatest common divisor of 560 and 224?
112
Calculate the highest common factor of 651 and 168.
21
What is the highest common divisor of 76 and 874?
38
Calculate the highest common factor of 56 and 91.
7
Calculate the highest common factor of 259 and 37.
37
What is the greatest common factor of 324 and 56?
4
Calculate the greatest common factor of 64 and 4.
4
Calculate the greatest common divisor of 2240 and 1008.
112
Calculate the highest common factor of 9 and 4.
1
What is the highest common factor of 741 and 6327?
57
Calculate the greatest common factor of 946 and 220.
22
Calculate the highest common factor of 74 and 16946.
74
Calculate the greatest common divisor of 420 and 483.
21
What is the greatest common divisor of 21 and 17283?
21
Calculate the highest common factor of 504 and 5256.
72
Calculate the highest common divisor of 328 and 205.
41
Calculate the greatest common divisor of 3068 and 472.
236
Calculate the greatest common divisor of 144 and 16.
16
Calculate the greatest common factor of 1519 and 98.
49
What is the highest common factor of 20 and 4570?
10
What is the greatest common factor of 18 and 10?
2
What is the highest common divisor of 1298 and 236?
118
Calculate the highest common factor of 4216 and 72.
8
What is the greatest common factor of 27795 and 255?
255
Calculate the greatest common factor of 56 and 168.
56
Calculate the greatest common factor of 966 and 42.
42
Calculate the greatest common factor of 8 and 1576.
8
Calculate the greatest common factor of 18 and 441.
9
Calculate the greatest common factor of 2142 and 63.
63
Calculate the highest common divisor of 8586 and 53.
53
What is the highest common factor of 81 and 1863?
81
What is the greatest common factor of 153 and 136?
17
Calculate the highest common divisor of 2358 and 18.
18
What is the highest common factor of 10 and 286?
2
Calculate the highest common divisor of 209 and 133.
19
What is the greatest common divisor of 1092 and 780?
156
Calculate the highest common factor of 98 and 3283.
49
Calculate the highest common factor of 65 and 13.
13
What is the greatest common factor of 56 and 2520?
56
Calculate the highest common divisor of 40 and 148.
4
Calculate the greatest common factor of 9 and 42.
3
Calculate the greatest common divisor of 9 and 42.
3
Calculate the highest common factor of 4892 and 20.
4
Calculate the highest common factor of 209 and 33.
11
What is the highest common factor of 43 and 2537?
43
Calculate the highest common factor of 1339 and 13.
13
What is the highest common factor of 14 and 15918?
14
Calculate the highest common factor of 21 and 119.
7
Calculate the greatest common divisor of 312 and 6.
6
What is the highest common factor of 221 and 986?
17
Calculate the greatest common factor of 42 and 258.
6
What is the highest common divisor of 11720 and 40?
40
What is the greatest common divisor of 30 and 735?
15
What is the highest common divisor of 14 and 406?
